{"id":126,"date":"2017-06-25T22:12:26","date_gmt":"2017-06-25T22:12:26","guid":{"rendered":"http:\/\/finisterre.lasalle.es\/?page_id=126"},"modified":"2017-06-26T07:45:12","modified_gmt":"2017-06-26T07:45:12","slug":"agadea","status":"publish","type":"page","link":"https:\/\/finisterre.lasalle.es\/?page_id=126","title":{"rendered":"Agadea (Santiago de Compostela)"},"content":{"rendered":"<table>\n<tbody>\n<tr>\n<td>Nombre:<\/td>\n<td><strong>Agadea<\/strong><\/td>\n<\/tr>\n<tr>\n<td>Lugar:<\/td>\n<td>Santiago de Compostela<\/td>\n<\/tr>\n<tr>\n<td>Objetivo:<\/td>\n<td><em>Atenci\u00f3n a personas con demencias seniles y Alzheimer en centro de d\u00eda y visitas\u00a0domiciliarias.<\/em><\/td>\n<\/tr>\n<tr>\n<td>Organizan:<\/td>\n<td>Asociaci\u00f3n Galega para a axuda dos enfermos de Alzheimer e outras demencias<\/td>\n<\/tr>\n<tr>\n<td>Pueden participar:<\/td>\n<td><strong>7 chicos\/as + 1 animador<\/strong><\/td>\n<\/tr>\n<tr>\n<td>M\u00e1s informaci\u00f3n:<\/td>\n<td><a href=\"http:\/\/www.agadea.org\">http:\/\/www.agadea.org<\/a><\/td>\n<\/tr>\n<tr>\n<td><\/td>\n<td style=\"background-color: #358026; text-align: center;\">\n<h5><span style=\"color: #ffffff;\"><a href=\"https:\/\/docs.google.com\/forms\/d\/e\/1FAIpQLSd1FDaDqKlVRSB_cYENz5L_yRD0IikXsAMKf6WsSsd6c1ecQw\/viewform?usp=sf_link\"><span style=\"color: #ffffff;\">\u00a1Me apunto!<\/span><\/a><\/span><\/h5>\n<\/td>\n<\/tr>\n<\/tbody>\n<\/table>\n<h4>Galer\u00eda de im\u00e1genes<\/h4>\n<div id='gallery-1' class='gallery galleryid-126 gallery-columns-3 gallery-size-thumbnail'><figure class='gallery-item'>\n\t\t\t<div class='gallery-icon landscape'>\n\t\t\t\t<a href='https:\/\/finisterre.lasalle.es\/wp-content\/uploads\/2017\/06\/1903997_468917099905350_1581958058_n_0.jpg'><img loading=\"lazy\" decoding=\"async\" width=\"150\" height=\"150\" src=\"https:\/\/finisterre.lasalle.es\/wp-content\/uploads\/2017\/06\/1903997_468917099905350_1581958058_n_0-150x150.jpg\" class=\"attachment-thumbnail size-thumbnail\" alt=\"\" srcset=\"https:\/\/finisterre.lasalle.es\/wp-content\/uploads\/2017\/06\/1903997_468917099905350_1581958058_n_0-150x150.jpg 150w, https:\/\/finisterre.lasalle.es\/wp-content\/uploads\/2017\/06\/1903997_468917099905350_1581958058_n_0-100x100.jpg 100w\" sizes=\"auto, 100vw\" \/><\/a>\n\t\t\t<\/div><\/figure><figure class='gallery-item'>\n\t\t\t<div class='gallery-icon landscape'>\n\t\t\t\t<a href='https:\/\/finisterre.lasalle.es\/wp-content\/uploads\/2017\/06\/dsc00667.jpg'><img loading=\"lazy\" decoding=\"async\" width=\"150\" height=\"150\" src=\"https:\/\/finisterre.lasalle.es\/wp-content\/uploads\/2017\/06\/dsc00667-150x150.jpg\" class=\"attachment-thumbnail size-thumbnail\" alt=\"\" srcset=\"https:\/\/finisterre.lasalle.es\/wp-content\/uploads\/2017\/06\/dsc00667-150x150.jpg 150w, https:\/\/finisterre.lasalle.es\/wp-content\/uploads\/2017\/06\/dsc00667-100x100.jpg 100w\" sizes=\"auto, 100vw\" \/><\/a>\n\t\t\t<\/div><\/figure><figure class='gallery-item'>\n\t\t\t<div class='gallery-icon landscape'>\n\t\t\t\t<a href='https:\/\/finisterre.lasalle.es\/wp-content\/uploads\/2017\/06\/dia_ribeira_0.jpg'><img loading=\"lazy\" decoding=\"async\" width=\"150\" height=\"150\" src=\"https:\/\/finisterre.lasalle.es\/wp-content\/uploads\/2017\/06\/dia_ribeira_0-150x150.jpg\" class=\"attachment-thumbnail size-thumbnail\" alt=\"\" srcset=\"https:\/\/finisterre.lasalle.es\/wp-content\/uploads\/2017\/06\/dia_ribeira_0-150x150.jpg 150w, https:\/\/finisterre.lasalle.es\/wp-content\/uploads\/2017\/06\/dia_ribeira_0-100x100.jpg 100w\" sizes=\"auto, 100vw\" \/><\/a>\n\t\t\t<\/div><\/figure>\n\t\t<\/div>\n\n<h4>Localizaci\u00f3n<\/h4>\n<p><iframe loading=\"lazy\" style=\"border: 0;\" src=\"https:\/\/www.google.com\/maps\/embed?pb=!1m18!1m12!1m3!1d2923.037591923641!2d-8.53313838516484!3d42.89315360926201!2m3!1f0!2f0!3f0!3m2!1i1024!2i768!4f13.1!3m3!1m2!1s0xd2efe5501c980d9%3A0x3629df422364971f!2sAgadea.+Asociaci%C3%B3n+Galega+Para+A+Axuda+Dos+Enfermos+de+Alzheimer!5e0!3m2!1ses!2ses!4v1498460468467\" width=\"600\" height=\"450\" frameborder=\"0\" allowfullscreen=\"allowfullscreen\"><\/iframe><\/p>\n","protected":false},"excerpt":{"rendered":"<p>Nombre: Agadea Lugar: Santiago de Compostela Objetivo: Atenci\u00f3n a personas con demencias seniles y Alzheimer en centro de d\u00eda y visitas\u00a0domiciliarias. Organizan: Asociaci\u00f3n Galega para a axuda dos enfermos de Alzheimer e outras demencias Pueden participar: 7 chicos\/as + 1 animador M\u00e1s informaci\u00f3n: http:\/\/www.agadea.org \u00a1Me apunto! Galer\u00eda de im\u00e1genes Localizaci\u00f3n<\/p>\n","protected":false},"author":2,"featured_media":140,"parent":91,"menu_order":0,"comment_status":"closed","ping_status":"closed","template":"","meta":{"footnotes":""},"class_list":["post-126","page","type-page","status-publish","has-post-thumbnail","hentry"],"_links":{"self":[{"href":"https:\/\/finisterre.lasalle.es\/index.php?rest_route=\/wp\/v2\/pages\/126","targetHints":{"allow":["GET"]}}],"collection":[{"href":"https:\/\/finisterre.lasalle.es\/index.php?rest_route=\/wp\/v2\/pages"}],"about":[{"href":"https:\/\/finisterre.lasalle.es\/index.php?rest_route=\/wp\/v2\/types\/page"}],"author":[{"embeddable":true,"href":"https:\/\/finisterre.lasalle.es\/index.php?rest_route=\/wp\/v2\/users\/2"}],"replies":[{"embeddable":true,"href":"https:\/\/finisterre.lasalle.es\/index.php?rest_route=%2Fwp%2Fv2%2Fcomments&post=126"}],"version-history":[{"count":5,"href":"https:\/\/finisterre.lasalle.es\/index.php?rest_route=\/wp\/v2\/pages\/126\/revisions"}],"predecessor-version":[{"id":224,"href":"https:\/\/finisterre.lasalle.es\/index.php?rest_route=\/wp\/v2\/pages\/126\/revisions\/224"}],"up":[{"embeddable":true,"href":"https:\/\/finisterre.lasalle.es\/index.php?rest_route=\/wp\/v2\/pages\/91"}],"wp:featuredmedia":[{"embeddable":true,"href":"https:\/\/finisterre.lasalle.es\/index.php?rest_route=\/wp\/v2\/media\/140"}],"wp:attachment":[{"href":"https:\/\/finisterre.lasalle.es\/index.php?rest_route=%2Fwp%2Fv2%2Fmedia&parent=126"}],"curies":[{"name":"wp","href":"https:\/\/api.w.org\/{rel}","templated":true}]}}

<table>
<tbody>
<tr>
<td>Nombre:</td>
<td><strong>Agadea</strong></td>
</tr>
<tr>
<td>Lugar:</td>
<td>Santiago de Compostela</td>
</tr>
<tr>
<td>Objetivo:</td>
<td><em>Atención a personas con demencias seniles y Alzheimer en centro de día y visitas domiciliarias.</em></td>
</tr>
<tr>
<td>Organizan:</td>
<td>Asociación Galega para a axuda dos enfermos de Alzheimer e outras demencias</td>
</tr>
<tr>
<td>Pueden participar:</td>
<td><strong>7 chicos/as + 1 animador</strong></td>
</tr>
<tr>
<td>Más información:</td>
<td><a href="http://www.agadea.org">http://www.agadea.org</a></td>
</tr>
<tr>
<td></td>
<td style="background-color: #358026; text-align: center;">
<h5><span style="color: #ffffff;"><a href="https://docs.google.com/forms/d/e/1FAIpQLSd1FDaDqKlVRSB_cYENz5L_yRD0IikXsAMKf6WsSsd6c1ecQw/viewform?usp=sf_link"><span style="color: #ffffff;">¡Me apunto!</span></a></span></h5>
</td>
</tr>
</tbody>
</table>
<h4>Galería de imágenes</h4>
<div id='gallery-1' class='gallery galleryid-126 gallery-columns-3 gallery-size-thumbnail'><figure class='gallery-item'>
			<div class='gallery-icon landscape'>
				<a href='https://finisterre.lasalle.es/wp-content/uploads/2017/06/1903997_468917099905350_1581958058_n_0.jpg'><img loading="lazy" decoding="async" width="150" height="150" src="https://finisterre.lasalle.es/wp-content/uploads/2017/06/1903997_468917099905350_1581958058_n_0-150x150.jpg" class="attachment-thumbnail size-thumbnail" alt="" srcset="https://finisterre.lasalle.es/wp-content/uploads/2017/06/1903997_468917099905350_1581958058_n_0-150x150.jpg 150w, https://finisterre.lasalle.es/wp-content/uploads/2017/06/1903997_468917099905350_1581958058_n_0-100x100.jpg 100w" sizes="auto, 100vw" /></a>
			</div></figure><figure class='gallery-item'>
			<div class='gallery-icon landscape'>
				<a href='https://finisterre.lasalle.es/wp-content/uploads/2017/06/dsc00667.jpg'><img loading="lazy" decoding="async" width="150" height="150" src="https://finisterre.lasalle.es/wp-content/uploads/2017/06/dsc00667-150x150.jpg" class="attachment-thumbnail size-thumbnail" alt="" srcset="https://finisterre.lasalle.es/wp-content/uploads/2017/06/dsc00667-150x150.jpg 150w, https://finisterre.lasalle.es/wp-content/uploads/2017/06/dsc00667-100x100.jpg 100w" sizes="auto, 100vw" /></a>
			</div></figure><figure class='gallery-item'>
			<div class='gallery-icon landscape'>
				<a href='https://finisterre.lasalle.es/wp-content/uploads/2017/06/dia_ribeira_0.jpg'><img loading="lazy" decoding="async" width="150" height="150" src="https://finisterre.lasalle.es/wp-content/uploads/2017/06/dia_ribeira_0-150x150.jpg" class="attachment-thumbnail size-thumbnail" alt="" srcset="https://finisterre.lasalle.es/wp-content/uploads/2017/06/dia_ribeira_0-150x150.jpg 150w, https://finisterre.lasalle.es/wp-content/uploads/2017/06/dia_ribeira_0-100x100.jpg 100w" sizes="auto, 100vw" /></a>
			</div></figure>
		</div>

<h4>Localización</h4>
<p><iframe loading="lazy" style="border: 0;" src="https://www.google.com/maps/embed?pb=!1m18!1m12!1m3!1d2923.037591923641!2d-8.53313838516484!3d42.89315360926201!2m3!1f0!2f0!3f0!3m2!1i1024!2i768!4f13.1!3m3!1m2!1s0xd2efe5501c980d9%3A0x3629df422364971f!2sAgadea.+Asociaci%C3%B3n+Galega+Para+A+Axuda+Dos+Enfermos+de+Alzheimer!5e0!3m2!1ses!2ses!4v1498460468467" width="600" height="450" frameborder="0" allowfullscreen="allowfullscreen"></iframe></p>

<p>Nombre: Agadea Lugar: Santiago de Compostela Objetivo: Atención a personas con demencias seniles y Alzheimer en centro de día y visitas domiciliarias. Organizan: Asociación Galega para a axuda dos enfermos de Alzheimer e outras demencias Pueden participar: 7 chicos/as + 1 animador Más información: http://www.agadea.org ¡Me apunto! Galería de imágenes Localización</p>
