{"id":130,"date":"2017-06-25T22:13:43","date_gmt":"2017-06-25T22:13:43","guid":{"rendered":"http:\/\/finisterre.lasalle.es\/?page_id=130"},"modified":"2024-05-16T16:23:59","modified_gmt":"2024-05-16T16:23:59","slug":"cottolengo-del-padre-alegre-santiago","status":"publish","type":"page","link":"https:\/\/finisterre.lasalle.es\/?page_id=130","title":{"rendered":"Cottolengo del Padre Alegre (Santiago)"},"content":{"rendered":"<table>\n<tbody>\n<tr>\n<td>Nombre:<\/td>\n<td><strong>Cottolengo del Padre Alegre<\/strong><\/td>\n<\/tr>\n<tr>\n<td>Lugar:<\/td>\n<td>Santiago de Compostela<\/td>\n<\/tr>\n<tr>\n<td>Objetivo:<\/td>\n<td>\n<p>Hogar para personas con discapacidad f\u00edsica e intelectual: par\u00e1lisis cerebral de ni\u00f1os y adultos.<\/p>\n<p>Ayuda en las tareas del centro: levantarse y acostarse, comidas, colaboraci\u00f3n con el aseo de los residentes.<\/p>\n<p>Apoyo en terapias, salidas, juegos, etc.<\/p>\n<p>Participaci\u00f3n en la vida de la Comunidad de Hermanas.<\/td>\n<\/tr>\n<tr>\n<td>Organizan:<\/td>\n<td>Servidoras de Jes\u00fas del Cottolengo.<\/td>\n<\/tr>\n<tr>\n<td>Pueden participar:<\/td>\n<td><strong>4 chicas + 1 animadora<\/strong><\/td>\n<\/tr>\n<tr>\n<td>M\u00e1s informaci\u00f3n:<\/td>\n<td><a href=\"http:\/\/www.cottolengopalegre.org\">http:\/\/www.cottolengopalegre.org<br \/>\n<\/a><a href=\"http:\/\/finisterre.lasalle.es\/wp-content\/uploads\/2017\/06\/Folleto_Cottolengo-1.pdf\">Folleto informativo para voluntarias<\/a><\/td>\n<\/tr>\n<\/tbody>\n<\/table>\n<h4>Galer\u00eda de im\u00e1genes<\/h4>\n<div id='gallery-1' class='gallery galleryid-130 gallery-columns-3 gallery-size-thumbnail'><figure class='gallery-item'>\n\t\t\t<div class='gallery-icon landscape'>\n\t\t\t\t<a href='https:\/\/finisterre.lasalle.es\/wp-content\/uploads\/2017\/06\/Clases-004.jpg'><img loading=\"lazy\" decoding=\"async\" width=\"150\" height=\"150\" src=\"https:\/\/finisterre.lasalle.es\/wp-content\/uploads\/2017\/06\/Clases-004-150x150.jpg\" class=\"attachment-thumbnail size-thumbnail\" alt=\"\" srcset=\"https:\/\/finisterre.lasalle.es\/wp-content\/uploads\/2017\/06\/Clases-004-150x150.jpg 150w, https:\/\/finisterre.lasalle.es\/wp-content\/uploads\/2017\/06\/Clases-004-100x100.jpg 100w\" sizes=\"auto, 100vw\" \/><\/a>\n\t\t\t<\/div><\/figure><figure class='gallery-item'>\n\t\t\t<div class='gallery-icon landscape'>\n\t\t\t\t<a href='https:\/\/finisterre.lasalle.es\/wp-content\/uploads\/2017\/06\/Clases-002.jpg'><img loading=\"lazy\" decoding=\"async\" width=\"150\" height=\"150\" src=\"https:\/\/finisterre.lasalle.es\/wp-content\/uploads\/2017\/06\/Clases-002-150x150.jpg\" class=\"attachment-thumbnail size-thumbnail\" alt=\"\" srcset=\"https:\/\/finisterre.lasalle.es\/wp-content\/uploads\/2017\/06\/Clases-002-150x150.jpg 150w, https:\/\/finisterre.lasalle.es\/wp-content\/uploads\/2017\/06\/Clases-002-100x100.jpg 100w\" sizes=\"auto, 100vw\" \/><\/a>\n\t\t\t<\/div><\/figure><figure class='gallery-item'>\n\t\t\t<div class='gallery-icon landscape'>\n\t\t\t\t<a href='https:\/\/finisterre.lasalle.es\/wp-content\/uploads\/2017\/06\/Clases-011.jpg'><img loading=\"lazy\" decoding=\"async\" width=\"150\" height=\"150\" src=\"https:\/\/finisterre.lasalle.es\/wp-content\/uploads\/2017\/06\/Clases-011-150x150.jpg\" class=\"attachment-thumbnail size-thumbnail\" alt=\"\" srcset=\"https:\/\/finisterre.lasalle.es\/wp-content\/uploads\/2017\/06\/Clases-011-150x150.jpg 150w, https:\/\/finisterre.lasalle.es\/wp-content\/uploads\/2017\/06\/Clases-011-100x100.jpg 100w\" sizes=\"auto, 100vw\" \/><\/a>\n\t\t\t<\/div><\/figure>\n\t\t<\/div>\n\n<h4>Localizaci\u00f3n<\/h4>\n<p><iframe loading=\"lazy\" style=\"border: 0;\" src=\"https:\/\/www.google.com\/maps\/embed?pb=!1m18!1m12!1m3!1d2924.5140114721894!2d-8.547398685165998!3d42.8619939112488!2m3!1f0!2f0!3f0!3m2!1i1024!2i768!4f13.1!3m3!1m2!1s0xd2efe22e07006eb%3A0x57e911efc4cb80f!2sCottolengo+del+Padre+Alegre!5e0!3m2!1ses!2sus!4v1498432621878\" width=\"600\" height=\"450\" frameborder=\"0\" allowfullscreen=\"allowfullscreen\"><\/iframe><\/p>\n","protected":false},"excerpt":{"rendered":"<p>Nombre: Cottolengo del Padre Alegre Lugar: Santiago de Compostela Objetivo: Hogar para personas con discapacidad f\u00edsica e intelectual: par\u00e1lisis cerebral de ni\u00f1os y adultos. Ayuda en las tareas del centro: levantarse y acostarse, comidas, colaboraci\u00f3n con el aseo de los residentes. Apoyo en terapias, salidas, juegos, etc. Participaci\u00f3n en la vida de la Comunidad de &hellip; <\/p>\n<p class=\"link-more\"><a href=\"https:\/\/finisterre.lasalle.es\/?page_id=130\" class=\"more-link\">Continuar leyendo<span class=\"screen-reader-text\"> \u00abCottolengo del Padre Alegre (Santiago)\u00bb<\/span><\/a><\/p>\n","protected":false},"author":7,"featured_media":164,"parent":1302,"menu_order":0,"comment_status":"closed","ping_status":"closed","template":"","meta":{"footnotes":""},"class_list":["post-130","page","type-page","status-publish","has-post-thumbnail","hentry"],"_links":{"self":[{"href":"https:\/\/finisterre.lasalle.es\/index.php?rest_route=\/wp\/v2\/pages\/130","targetHints":{"allow":["GET"]}}],"collection":[{"href":"https:\/\/finisterre.lasalle.es\/index.php?rest_route=\/wp\/v2\/pages"}],"about":[{"href":"https:\/\/finisterre.lasalle.es\/index.php?rest_route=\/wp\/v2\/types\/page"}],"author":[{"embeddable":true,"href":"https:\/\/finisterre.lasalle.es\/index.php?rest_route=\/wp\/v2\/users\/7"}],"replies":[{"embeddable":true,"href":"https:\/\/finisterre.lasalle.es\/index.php?rest_route=%2Fwp%2Fv2%2Fcomments&post=130"}],"version-history":[{"count":9,"href":"https:\/\/finisterre.lasalle.es\/index.php?rest_route=\/wp\/v2\/pages\/130\/revisions"}],"predecessor-version":[{"id":1344,"href":"https:\/\/finisterre.lasalle.es\/index.php?rest_route=\/wp\/v2\/pages\/130\/revisions\/1344"}],"up":[{"embeddable":true,"href":"https:\/\/finisterre.lasalle.es\/index.php?rest_route=\/wp\/v2\/pages\/1302"}],"wp:featuredmedia":[{"embeddable":true,"href":"https:\/\/finisterre.lasalle.es\/index.php?rest_route=\/wp\/v2\/media\/164"}],"wp:attachment":[{"href":"https:\/\/finisterre.lasalle.es\/index.php?rest_route=%2Fwp%2Fv2%2Fmedia&parent=130"}],"curies":[{"name":"wp","href":"https:\/\/api.w.org\/{rel}","templated":true}]}}

<table>
<tbody>
<tr>
<td>Nombre:</td>
<td><strong>Cottolengo del Padre Alegre</strong></td>
</tr>
<tr>
<td>Lugar:</td>
<td>Santiago de Compostela</td>
</tr>
<tr>
<td>Objetivo:</td>
<td>
<p>Hogar para personas con discapacidad física e intelectual: parálisis cerebral de niños y adultos.</p>
<p>Ayuda en las tareas del centro: levantarse y acostarse, comidas, colaboración con el aseo de los residentes.</p>
<p>Apoyo en terapias, salidas, juegos, etc.</p>
<p>Participación en la vida de la Comunidad de Hermanas.</td>
</tr>
<tr>
<td>Organizan:</td>
<td>Servidoras de Jesús del Cottolengo.</td>
</tr>
<tr>
<td>Pueden participar:</td>
<td><strong>4 chicas + 1 animadora</strong></td>
</tr>
<tr>
<td>Más información:</td>
<td><a href="http://www.cottolengopalegre.org">http://www.cottolengopalegre.org<br />
</a><a href="http://finisterre.lasalle.es/wp-content/uploads/2017/06/Folleto_Cottolengo-1.pdf">Folleto informativo para voluntarias</a></td>
</tr>
</tbody>
</table>
<h4>Galería de imágenes</h4>
<div id='gallery-1' class='gallery galleryid-130 gallery-columns-3 gallery-size-thumbnail'><figure class='gallery-item'>
			<div class='gallery-icon landscape'>
				<a href='https://finisterre.lasalle.es/wp-content/uploads/2017/06/Clases-004.jpg'><img loading="lazy" decoding="async" width="150" height="150" src="https://finisterre.lasalle.es/wp-content/uploads/2017/06/Clases-004-150x150.jpg" class="attachment-thumbnail size-thumbnail" alt="" srcset="https://finisterre.lasalle.es/wp-content/uploads/2017/06/Clases-004-150x150.jpg 150w, https://finisterre.lasalle.es/wp-content/uploads/2017/06/Clases-004-100x100.jpg 100w" sizes="auto, 100vw" /></a>
			</div></figure><figure class='gallery-item'>
			<div class='gallery-icon landscape'>
				<a href='https://finisterre.lasalle.es/wp-content/uploads/2017/06/Clases-002.jpg'><img loading="lazy" decoding="async" width="150" height="150" src="https://finisterre.lasalle.es/wp-content/uploads/2017/06/Clases-002-150x150.jpg" class="attachment-thumbnail size-thumbnail" alt="" srcset="https://finisterre.lasalle.es/wp-content/uploads/2017/06/Clases-002-150x150.jpg 150w, https://finisterre.lasalle.es/wp-content/uploads/2017/06/Clases-002-100x100.jpg 100w" sizes="auto, 100vw" /></a>
			</div></figure><figure class='gallery-item'>
			<div class='gallery-icon landscape'>
				<a href='https://finisterre.lasalle.es/wp-content/uploads/2017/06/Clases-011.jpg'><img loading="lazy" decoding="async" width="150" height="150" src="https://finisterre.lasalle.es/wp-content/uploads/2017/06/Clases-011-150x150.jpg" class="attachment-thumbnail size-thumbnail" alt="" srcset="https://finisterre.lasalle.es/wp-content/uploads/2017/06/Clases-011-150x150.jpg 150w, https://finisterre.lasalle.es/wp-content/uploads/2017/06/Clases-011-100x100.jpg 100w" sizes="auto, 100vw" /></a>
			</div></figure>
		</div>

<h4>Localización</h4>
<p><iframe loading="lazy" style="border: 0;" src="https://www.google.com/maps/embed?pb=!1m18!1m12!1m3!1d2924.5140114721894!2d-8.547398685165998!3d42.8619939112488!2m3!1f0!2f0!3f0!3m2!1i1024!2i768!4f13.1!3m3!1m2!1s0xd2efe22e07006eb%3A0x57e911efc4cb80f!2sCottolengo+del+Padre+Alegre!5e0!3m2!1ses!2sus!4v1498432621878" width="600" height="450" frameborder="0" allowfullscreen="allowfullscreen"></iframe></p>

<p>Nombre: Cottolengo del Padre Alegre Lugar: Santiago de Compostela Objetivo: Hogar para personas con discapacidad física e intelectual: parálisis cerebral de niños y adultos. Ayuda en las tareas del centro: levantarse y acostarse, comidas, colaboración con el aseo de los residentes. Apoyo en terapias, salidas, juegos, etc. Participación en la vida de la Comunidad de &hellip; </p>
<p class="link-more"><a href="https://finisterre.lasalle.es/?page_id=130" class="more-link">Continuar leyendo<span class="screen-reader-text"> «Cottolengo del Padre Alegre (Santiago)»</span></a></p>
