{"id":132,"date":"2017-06-25T22:14:01","date_gmt":"2017-06-25T22:14:01","guid":{"rendered":"http:\/\/finisterre.lasalle.es\/?page_id=132"},"modified":"2022-06-08T11:30:19","modified_gmt":"2022-06-08T11:30:19","slug":"cocina-economica-santiago","status":"publish","type":"page","link":"https:\/\/finisterre.lasalle.es\/?page_id=132","title":{"rendered":"Coci\u00f1a Econ\u00f3mica (Santiago)"},"content":{"rendered":"<table>\n<tbody>\n<tr>\n<td>Nombre:<\/td>\n<td><strong>Coci\u00f1a Econ\u00f3mica<\/strong><\/td>\n<\/tr>\n<tr>\n<td>Lugar:<\/td>\n<td>Santiago de Compostela<\/td>\n<\/tr>\n<tr>\n<td>Objetivo:<\/td>\n<td><em>Ayuda en la labor diaria del comedor social en los desayunos, comidas y cenas.<\/em><\/p>\n<p><em>Durante las tardes, apoyo en el Centro de d\u00eda con personas sin hogar y en riesgo social.<\/em><\/td>\n<\/tr>\n<tr>\n<td>Organizan:<\/td>\n<td>Hijas de la Caridad. Voluntarios de la Coci\u00f1a Econ\u00f3mica.<\/td>\n<\/tr>\n<tr>\n<td>Pueden participar:<\/td>\n<td><strong>3-4 chicos\/as + 1 animador<\/strong><\/td>\n<\/tr>\n<tr>\n<td>M\u00e1s informaci\u00f3n:<\/td>\n<td><a href=\"http:\/\/www.cocinaeconomicadesantiago.es\">http:\/\/www.cocinaeconomicadesantiago.es<\/a><\/td>\n<\/tr>\n<\/tbody>\n<\/table>\n<h4>Galer\u00eda de im\u00e1genes<\/h4>\n<div id='gallery-1' class='gallery galleryid-132 gallery-columns-3 gallery-size-thumbnail'><figure class='gallery-item'>\n\t\t\t<div class='gallery-icon landscape'>\n\t\t\t\t<a href='https:\/\/finisterre.lasalle.es\/wp-content\/uploads\/2017\/06\/S16C1F1-2.jpg'><img loading=\"lazy\" decoding=\"async\" width=\"150\" height=\"150\" src=\"https:\/\/finisterre.lasalle.es\/wp-content\/uploads\/2017\/06\/S16C1F1-2-150x150.jpg\" class=\"attachment-thumbnail size-thumbnail\" alt=\"\" srcset=\"https:\/\/finisterre.lasalle.es\/wp-content\/uploads\/2017\/06\/S16C1F1-2-150x150.jpg 150w, https:\/\/finisterre.lasalle.es\/wp-content\/uploads\/2017\/06\/S16C1F1-2-100x100.jpg 100w\" sizes=\"auto, 100vw\" \/><\/a>\n\t\t\t<\/div><\/figure><figure class='gallery-item'>\n\t\t\t<div class='gallery-icon landscape'>\n\t\t\t\t<a href='https:\/\/finisterre.lasalle.es\/wp-content\/uploads\/2017\/06\/Info.jpg'><img loading=\"lazy\" decoding=\"async\" width=\"150\" height=\"150\" src=\"https:\/\/finisterre.lasalle.es\/wp-content\/uploads\/2017\/06\/Info-150x150.jpg\" class=\"attachment-thumbnail size-thumbnail\" alt=\"\" srcset=\"https:\/\/finisterre.lasalle.es\/wp-content\/uploads\/2017\/06\/Info-150x150.jpg 150w, https:\/\/finisterre.lasalle.es\/wp-content\/uploads\/2017\/06\/Info-100x100.jpg 100w\" sizes=\"auto, 100vw\" \/><\/a>\n\t\t\t<\/div><\/figure><figure class='gallery-item'>\n\t\t\t<div class='gallery-icon landscape'>\n\t\t\t\t<a href='https:\/\/finisterre.lasalle.es\/wp-content\/uploads\/2017\/06\/2013123020445970521.jpg'><img loading=\"lazy\" decoding=\"async\" width=\"150\" height=\"150\" src=\"https:\/\/finisterre.lasalle.es\/wp-content\/uploads\/2017\/06\/2013123020445970521-150x150.jpg\" class=\"attachment-thumbnail size-thumbnail\" alt=\"\" srcset=\"https:\/\/finisterre.lasalle.es\/wp-content\/uploads\/2017\/06\/2013123020445970521-150x150.jpg 150w, https:\/\/finisterre.lasalle.es\/wp-content\/uploads\/2017\/06\/2013123020445970521-100x100.jpg 100w\" sizes=\"auto, 100vw\" \/><\/a>\n\t\t\t<\/div><\/figure>\n\t\t<\/div>\n\n<h4>Localizaci\u00f3n<\/h4>\n<p><iframe loading=\"lazy\" style=\"border: 0;\" src=\"https:\/\/www.google.com\/maps\/embed?pb=!1m18!1m12!1m3!1d2923.596231915!2d-8.5433718851653!3d42.881365710013775!2m3!1f0!2f0!3f0!3m2!1i1024!2i768!4f13.1!3m3!1m2!1s0xd2efe45135f9745%3A0x749873889a03624e!2sCocina+Econ%C3%B3mica!5e0!3m2!1ses!2sus!4v1498463783745\" width=\"600\" height=\"450\" frameborder=\"0\" allowfullscreen=\"allowfullscreen\"><\/iframe><\/p>\n","protected":false},"excerpt":{"rendered":"<p>Nombre: Coci\u00f1a Econ\u00f3mica Lugar: Santiago de Compostela Objetivo: Ayuda en la labor diaria del comedor social en los desayunos, comidas y cenas. Durante las tardes, apoyo en el Centro de d\u00eda con personas sin hogar y en riesgo social. Organizan: Hijas de la Caridad. Voluntarios de la Coci\u00f1a Econ\u00f3mica. Pueden participar: 3-4 chicos\/as + 1 &hellip; <\/p>\n<p class=\"link-more\"><a href=\"https:\/\/finisterre.lasalle.es\/?page_id=132\" class=\"more-link\">Continuar leyendo<span class=\"screen-reader-text\"> \u00abCoci\u00f1a Econ\u00f3mica (Santiago)\u00bb<\/span><\/a><\/p>\n","protected":false},"author":2,"featured_media":237,"parent":91,"menu_order":0,"comment_status":"closed","ping_status":"closed","template":"","meta":{"footnotes":""},"class_list":["post-132","page","type-page","status-publish","has-post-thumbnail","hentry"],"_links":{"self":[{"href":"https:\/\/finisterre.lasalle.es\/index.php?rest_route=\/wp\/v2\/pages\/132","targetHints":{"allow":["GET"]}}],"collection":[{"href":"https:\/\/finisterre.lasalle.es\/index.php?rest_route=\/wp\/v2\/pages"}],"about":[{"href":"https:\/\/finisterre.lasalle.es\/index.php?rest_route=\/wp\/v2\/types\/page"}],"author":[{"embeddable":true,"href":"https:\/\/finisterre.lasalle.es\/index.php?rest_route=\/wp\/v2\/users\/2"}],"replies":[{"embeddable":true,"href":"https:\/\/finisterre.lasalle.es\/index.php?rest_route=%2Fwp%2Fv2%2Fcomments&post=132"}],"version-history":[{"count":8,"href":"https:\/\/finisterre.lasalle.es\/index.php?rest_route=\/wp\/v2\/pages\/132\/revisions"}],"predecessor-version":[{"id":1220,"href":"https:\/\/finisterre.lasalle.es\/index.php?rest_route=\/wp\/v2\/pages\/132\/revisions\/1220"}],"up":[{"embeddable":true,"href":"https:\/\/finisterre.lasalle.es\/index.php?rest_route=\/wp\/v2\/pages\/91"}],"wp:featuredmedia":[{"embeddable":true,"href":"https:\/\/finisterre.lasalle.es\/index.php?rest_route=\/wp\/v2\/media\/237"}],"wp:attachment":[{"href":"https:\/\/finisterre.lasalle.es\/index.php?rest_route=%2Fwp%2Fv2%2Fmedia&parent=132"}],"curies":[{"name":"wp","href":"https:\/\/api.w.org\/{rel}","templated":true}]}}

Cociña Económica (Santiago)

<table>
<tbody>
<tr>
<td>Nombre:</td>
<td><strong>Cociña Económica</strong></td>
</tr>
<tr>
<td>Lugar:</td>
<td>Santiago de Compostela</td>
</tr>
<tr>
<td>Objetivo:</td>
<td><em>Ayuda en la labor diaria del comedor social en los desayunos, comidas y cenas.</em></p>
<p><em>Durante las tardes, apoyo en el Centro de día con personas sin hogar y en riesgo social.</em></td>
</tr>
<tr>
<td>Organizan:</td>
<td>Hijas de la Caridad. Voluntarios de la Cociña Económica.</td>
</tr>
<tr>
<td>Pueden participar:</td>
<td><strong>3-4 chicos/as + 1 animador</strong></td>
</tr>
<tr>
<td>Más información:</td>
<td><a href="http://www.cocinaeconomicadesantiago.es">http://www.cocinaeconomicadesantiago.es</a></td>
</tr>
</tbody>
</table>
<h4>Galería de imágenes</h4>
<div id='gallery-1' class='gallery galleryid-132 gallery-columns-3 gallery-size-thumbnail'><figure class='gallery-item'>
			<div class='gallery-icon landscape'>
				<a href='https://finisterre.lasalle.es/wp-content/uploads/2017/06/S16C1F1-2.jpg'><img loading="lazy" decoding="async" width="150" height="150" src="https://finisterre.lasalle.es/wp-content/uploads/2017/06/S16C1F1-2-150x150.jpg" class="attachment-thumbnail size-thumbnail" alt="" srcset="https://finisterre.lasalle.es/wp-content/uploads/2017/06/S16C1F1-2-150x150.jpg 150w, https://finisterre.lasalle.es/wp-content/uploads/2017/06/S16C1F1-2-100x100.jpg 100w" sizes="auto, 100vw" /></a>
			</div></figure><figure class='gallery-item'>
			<div class='gallery-icon landscape'>
				<a href='https://finisterre.lasalle.es/wp-content/uploads/2017/06/Info.jpg'><img loading="lazy" decoding="async" width="150" height="150" src="https://finisterre.lasalle.es/wp-content/uploads/2017/06/Info-150x150.jpg" class="attachment-thumbnail size-thumbnail" alt="" srcset="https://finisterre.lasalle.es/wp-content/uploads/2017/06/Info-150x150.jpg 150w, https://finisterre.lasalle.es/wp-content/uploads/2017/06/Info-100x100.jpg 100w" sizes="auto, 100vw" /></a>
			</div></figure><figure class='gallery-item'>
			<div class='gallery-icon landscape'>
				<a href='https://finisterre.lasalle.es/wp-content/uploads/2017/06/2013123020445970521.jpg'><img loading="lazy" decoding="async" width="150" height="150" src="https://finisterre.lasalle.es/wp-content/uploads/2017/06/2013123020445970521-150x150.jpg" class="attachment-thumbnail size-thumbnail" alt="" srcset="https://finisterre.lasalle.es/wp-content/uploads/2017/06/2013123020445970521-150x150.jpg 150w, https://finisterre.lasalle.es/wp-content/uploads/2017/06/2013123020445970521-100x100.jpg 100w" sizes="auto, 100vw" /></a>
			</div></figure>
		</div>

<h4>Localización</h4>
<p><iframe loading="lazy" style="border: 0;" src="https://www.google.com/maps/embed?pb=!1m18!1m12!1m3!1d2923.596231915!2d-8.5433718851653!3d42.881365710013775!2m3!1f0!2f0!3f0!3m2!1i1024!2i768!4f13.1!3m3!1m2!1s0xd2efe45135f9745%3A0x749873889a03624e!2sCocina+Econ%C3%B3mica!5e0!3m2!1ses!2sus!4v1498463783745" width="600" height="450" frameborder="0" allowfullscreen="allowfullscreen"></iframe></p>

<p>Nombre: Cociña Económica Lugar: Santiago de Compostela Objetivo: Ayuda en la labor diaria del comedor social en los desayunos, comidas y cenas. Durante las tardes, apoyo en el Centro de día con personas sin hogar y en riesgo social. Organizan: Hijas de la Caridad. Voluntarios de la Cociña Económica. Pueden participar: 3-4 chicos/as + 1 &hellip; </p>
<p class="link-more"><a href="https://finisterre.lasalle.es/?page_id=132" class="more-link">Continuar leyendo<span class="screen-reader-text"> «Cociña Económica (Santiago)»</span></a></p>
