{"id":1335,"date":"2024-05-01T18:02:14","date_gmt":"2024-05-01T18:02:14","guid":{"rendered":"https:\/\/finisterre.lasalle.es\/?page_id=1335"},"modified":"2024-05-16T22:13:22","modified_gmt":"2024-05-16T22:13:22","slug":"residencia-de-ancianos-desamparados-san-marcos","status":"publish","type":"page","link":"https:\/\/finisterre.lasalle.es\/?page_id=1335","title":{"rendered":"Residencia de Ancianos Desamparados San Marcos"},"content":{"rendered":"<p><img loading=\"lazy\" decoding=\"async\" class=\"wp-image-1338 aligncenter\" src=\"http:\/\/finisterre.lasalle.es\/wp-content\/uploads\/2024\/05\/SE21C12F2_171732-300x168.webp\" alt=\"\" width=\"429\" height=\"240\" srcset=\"https:\/\/finisterre.lasalle.es\/wp-content\/uploads\/2024\/05\/SE21C12F2_171732-300x168.webp 300w, https:\/\/finisterre.lasalle.es\/wp-content\/uploads\/2024\/05\/SE21C12F2_171732.webp 768w\" sizes=\"auto, (max-width: 429px) 100vw, 429px\" \/><\/p>\n<table>\n<tbody>\n<tr>\n<td style=\"width: 116px;\">Nombre:<\/td>\n<td style=\"width: 557px;\">Residencia San Marcos<\/td>\n<\/tr>\n<tr>\n<td style=\"width: 116px;\">Lugar:<\/td>\n<td style=\"width: 557px;\">\u00a0Santiago de Compostela (A Coru\u00f1a)<\/td>\n<\/tr>\n<tr>\n<td style=\"width: 116px;\">Objetivo:<\/td>\n<td style=\"width: 557px;\">\n<p><i>Compartir la vida diaria con los 183 residentes, en su mayor\u00eda mujeres. <\/i>Colaborar en hacerles la vida m\u00e1s alegre a personas v\u00e1lidas y dependientes.<\/p>\n<p>Pasear, cantar, bailar, apoyar con la comida y ayuda en diferentes tareas.<\/p>\n<p>Preparaci\u00f3n de alguna din\u00e1mica o velada.<\/td>\n<\/tr>\n<tr>\n<td style=\"width: 116px;\">Organizan:<\/td>\n<td style=\"width: 557px;\">Amigonianos.<\/td>\n<\/tr>\n<tr>\n<td style=\"width: 116px;\">Pueden participar:<\/td>\n<td style=\"width: 557px;\"><strong>Hasta 8 chicos\/as + 1 animador<\/strong><\/td>\n<\/tr>\n<tr>\n<td style=\"width: 116px;\">M\u00e1s informaci\u00f3n:<\/td>\n<td style=\"width: 557px;\"><a href=\"https:\/\/maps.app.goo.gl\/Vn82A4yZf7eKNWBe8\" target=\"_blank\" rel=\"noopener\">https:\/\/maps.app.goo.gl\/Vn82A4yZf7eKNWBe8<\/a><\/td>\n<\/tr>\n<\/tbody>\n<\/table>\n<h4>Galer\u00eda de im\u00e1genes<\/h4>\n<div id='gallery-1' class='gallery galleryid-1335 gallery-columns-3 gallery-size-thumbnail'><figure class='gallery-item'>\n\t\t\t<div class='gallery-icon landscape'>\n\t\t\t\t<a href='https:\/\/finisterre.lasalle.es\/wp-content\/uploads\/2024\/05\/SE21C12F2_171732.webp'><img loading=\"lazy\" decoding=\"async\" width=\"150\" height=\"150\" src=\"https:\/\/finisterre.lasalle.es\/wp-content\/uploads\/2024\/05\/SE21C12F2_171732-150x150.webp\" class=\"attachment-thumbnail size-thumbnail\" alt=\"\" srcset=\"https:\/\/finisterre.lasalle.es\/wp-content\/uploads\/2024\/05\/SE21C12F2_171732-150x150.webp 150w, https:\/\/finisterre.lasalle.es\/wp-content\/uploads\/2024\/05\/SE21C12F2_171732-100x100.webp 100w\" sizes=\"auto, 100vw\" \/><\/a>\n\t\t\t<\/div><\/figure><figure class='gallery-item'>\n\t\t\t<div class='gallery-icon landscape'>\n\t\t\t\t<a href='https:\/\/finisterre.lasalle.es\/wp-content\/uploads\/2024\/05\/sanmarcos_A.jpg'><img loading=\"lazy\" decoding=\"async\" width=\"150\" height=\"150\" src=\"https:\/\/finisterre.lasalle.es\/wp-content\/uploads\/2024\/05\/sanmarcos_A-150x150.jpg\" class=\"attachment-thumbnail size-thumbnail\" alt=\"\" srcset=\"https:\/\/finisterre.lasalle.es\/wp-content\/uploads\/2024\/05\/sanmarcos_A-150x150.jpg 150w, https:\/\/finisterre.lasalle.es\/wp-content\/uploads\/2024\/05\/sanmarcos_A-100x100.jpg 100w\" sizes=\"auto, 100vw\" \/><\/a>\n\t\t\t<\/div><\/figure>\n\t\t<\/div>\n\n<h4>Localizaci\u00f3n<\/h4>\n<p><iframe loading=\"lazy\" style=\"border: 0;\" src=\"https:\/\/www.google.com\/maps\/embed?pb=!1m18!1m12!1m3!1d1442.8076367124668!2d-8.495211040838852!3d42.89618221889689!2m3!1f0!2f0!3f0!3m2!1i1024!2i768!4f13.1!3m3!1m2!1s0xd2eff8680e4d2ab%3A0xb482f54de63052d5!2sAsilo%20de%20Ancianos%20Desamparados!5e0!3m2!1ses!2ses!4v1714586502678!5m2!1ses!2ses\" width=\"400\" height=\"300\" allowfullscreen=\"allowfullscreen\"><\/iframe><\/p>\n","protected":false},"excerpt":{"rendered":"<p>Nombre: Residencia San Marcos Lugar: \u00a0Santiago de Compostela (A Coru\u00f1a) Objetivo: Compartir la vida diaria con los 183 residentes, en su mayor\u00eda mujeres. Colaborar en hacerles la vida m\u00e1s alegre a personas v\u00e1lidas y dependientes. Pasear, cantar, bailar, apoyar con la comida y ayuda en diferentes tareas. Preparaci\u00f3n de alguna din\u00e1mica o velada. Organizan: Amigonianos. &hellip; <\/p>\n<p class=\"link-more\"><a href=\"https:\/\/finisterre.lasalle.es\/?page_id=1335\" class=\"more-link\">Continuar leyendo<span class=\"screen-reader-text\"> \u00abResidencia de Ancianos Desamparados San Marcos\u00bb<\/span><\/a><\/p>\n","protected":false},"author":7,"featured_media":1337,"parent":0,"menu_order":0,"comment_status":"closed","ping_status":"closed","template":"","meta":{"footnotes":""},"class_list":["post-1335","page","type-page","status-publish","has-post-thumbnail","hentry"],"_links":{"self":[{"href":"https:\/\/finisterre.lasalle.es\/index.php?rest_route=\/wp\/v2\/pages\/1335","targetHints":{"allow":["GET"]}}],"collection":[{"href":"https:\/\/finisterre.lasalle.es\/index.php?rest_route=\/wp\/v2\/pages"}],"about":[{"href":"https:\/\/finisterre.lasalle.es\/index.php?rest_route=\/wp\/v2\/types\/page"}],"author":[{"embeddable":true,"href":"https:\/\/finisterre.lasalle.es\/index.php?rest_route=\/wp\/v2\/users\/7"}],"replies":[{"embeddable":true,"href":"https:\/\/finisterre.lasalle.es\/index.php?rest_route=%2Fwp%2Fv2%2Fcomments&post=1335"}],"version-history":[{"count":5,"href":"https:\/\/finisterre.lasalle.es\/index.php?rest_route=\/wp\/v2\/pages\/1335\/revisions"}],"predecessor-version":[{"id":1348,"href":"https:\/\/finisterre.lasalle.es\/index.php?rest_route=\/wp\/v2\/pages\/1335\/revisions\/1348"}],"wp:featuredmedia":[{"embeddable":true,"href":"https:\/\/finisterre.lasalle.es\/index.php?rest_route=\/wp\/v2\/media\/1337"}],"wp:attachment":[{"href":"https:\/\/finisterre.lasalle.es\/index.php?rest_route=%2Fwp%2Fv2%2Fmedia&parent=1335"}],"curies":[{"name":"wp","href":"https:\/\/api.w.org\/{rel}","templated":true}]}}