{"id":1354,"date":"2025-05-03T18:26:52","date_gmt":"2025-05-03T18:26:52","guid":{"rendered":"https:\/\/finisterre.lasalle.es\/?page_id=1354"},"modified":"2025-05-13T21:57:02","modified_gmt":"2025-05-13T21:57:02","slug":"experiencias-2025","status":"publish","type":"page","link":"https:\/\/finisterre.lasalle.es\/?page_id=1354","title":{"rendered":"Experiencias 2025"},"content":{"rendered":"\n<p>Experiencias que vivir\u00e1s en el encuentro&nbsp;Finisterre&nbsp;entre el 26 y 30 de julio.<\/p>\n\n\n\n<p>Haciendo clic en la imagen de cada una puedes encontrar informaci\u00f3n m\u00e1s completa.<\/p>\n\n\n\n<p>Tienes de plazo para apuntarte hasta el <b>9 de junio<\/b><\/p>\n\n\n\n<figure class=\"wp-block-table\"><table><tbody><tr><td>&nbsp;<a href=\"http:\/\/finisterre.lasalle.es\/?page_id=118\" target=\"_blank\" rel=\"noreferrer noopener\"><img loading=\"lazy\" decoding=\"async\" width=\"300\" height=\"225\" class=\"alignnone size-medium wp-image-137\" src=\"http:\/\/finisterre.lasalle.es\/wp-content\/uploads\/2017\/06\/IMG_4079-300x225.jpg\" alt=\"\" srcset=\"https:\/\/finisterre.lasalle.es\/wp-content\/uploads\/2017\/06\/IMG_4079-300x225.jpg 300w, https:\/\/finisterre.lasalle.es\/wp-content\/uploads\/2017\/06\/IMG_4079-768x576.jpg 768w, https:\/\/finisterre.lasalle.es\/wp-content\/uploads\/2017\/06\/IMG_4079-1024x768.jpg 1024w\" sizes=\"auto, (max-width: 300px) 100vw, 300px\" \/><\/a><\/td><td>1. <a href=\"http:\/\/finisterre.lasalle.es\/?page_id=118\" target=\"_blank\" rel=\"noreferrer noopener\">Hogar BoaNoite<\/a>&nbsp; &nbsp;<a href=\"http:\/\/finisterre.lasalle.es\/?page_id=118\">(A Coru\u00f1a)<\/a><\/td><td>Convivencia familiar con personas sin techo y colectivos en riesgo.<\/td><\/tr><tr><td><a href=\"http:\/\/finisterre.lasalle.es\/?page_id=124\" target=\"_blank\" rel=\"noreferrer noopener\"><img loading=\"lazy\" decoding=\"async\" width=\"300\" height=\"225\" class=\"alignnone size-medium wp-image-142\" src=\"http:\/\/finisterre.lasalle.es\/wp-content\/uploads\/2017\/06\/IMG_4029-300x225.jpg\" alt=\"\" srcset=\"https:\/\/finisterre.lasalle.es\/wp-content\/uploads\/2017\/06\/IMG_4029-300x225.jpg 300w, https:\/\/finisterre.lasalle.es\/wp-content\/uploads\/2017\/06\/IMG_4029-768x576.jpg 768w, https:\/\/finisterre.lasalle.es\/wp-content\/uploads\/2017\/06\/IMG_4029-1024x768.jpg 1024w\" sizes=\"auto, (max-width: 300px) 100vw, 300px\" \/><\/a><\/td><td>2. <a href=\"http:\/\/finisterre.lasalle.es\/?page_id=124\" target=\"_blank\" rel=\"noreferrer noopener\">Evangelizaci\u00f3n en el Camino (Arz\u00faa)<\/a><\/td><td>Proyecto de evangelizaci\u00f3n: Acogida a los peregrinos del Camino de Santiago: atenci\u00f3n humana y cristiana.<\/td><\/tr><tr><td><a href=\"http:\/\/finisterre.lasalle.es\/?page_id=463\" target=\"_blank\" rel=\"noreferrer noopener\"><img loading=\"lazy\" decoding=\"async\" width=\"159\" height=\"88\" class=\"alignnone wp-image-460\" src=\"http:\/\/finisterre.lasalle.es\/wp-content\/uploads\/2018\/05\/descarga-300x164.jpg\" alt=\"\" srcset=\"https:\/\/finisterre.lasalle.es\/wp-content\/uploads\/2018\/05\/descarga-300x164.jpg 300w, https:\/\/finisterre.lasalle.es\/wp-content\/uploads\/2018\/05\/descarga.jpg 303w\" sizes=\"auto, (max-width: 159px) 100vw, 159px\" \/><\/a><\/td><td>3. <a href=\"http:\/\/finisterre.lasalle.es\/?page_id=463\" target=\"_blank\" rel=\"noreferrer noopener\">&nbsp;La Salle \/ASCM\/AXF\/Oblatas\/CAMF (Ferrol)<\/a><\/td><td>&nbsp;Contacto con varias realidades: personas con discapacidad f\u00edsica y auditiva, prostituci\u00f3n y personas sin hogar. Albergue de transe\u00fantes. <\/td><\/tr><tr><td><img loading=\"lazy\" decoding=\"async\" width=\"150\" height=\"113\" class=\"wp-image-197\" style=\"width: 150px;\" src=\"http:\/\/finisterre.lasalle.es\/wp-content\/uploads\/2017\/06\/2013-05-26-20.14.59.jpg\" alt=\"\" srcset=\"https:\/\/finisterre.lasalle.es\/wp-content\/uploads\/2017\/06\/2013-05-26-20.14.59.jpg 1280w, https:\/\/finisterre.lasalle.es\/wp-content\/uploads\/2017\/06\/2013-05-26-20.14.59-300x225.jpg 300w, https:\/\/finisterre.lasalle.es\/wp-content\/uploads\/2017\/06\/2013-05-26-20.14.59-768x576.jpg 768w, https:\/\/finisterre.lasalle.es\/wp-content\/uploads\/2017\/06\/2013-05-26-20.14.59-1024x768.jpg 1024w\" sizes=\"auto, (max-width: 150px) 100vw, 150px\" \/><\/td><td>4. <a href=\"http:\/\/finisterre.lasalle.es\/?page_id=120\" target=\"_blank\" rel=\"noreferrer noopener\">A Ra\u00ed\u00f1a:&nbsp; escuela ecol\u00f3gica (Curtis)<\/a><\/td><td>Presencia e inserci\u00f3n de colectivos marginados mediante proyectos de agricultura ecol\u00f3gica.<\/td><\/tr><tr><td><img loading=\"lazy\" decoding=\"async\" width=\"150\" height=\"113\" class=\"wp-image-141\" style=\"width: 150px;\" src=\"http:\/\/finisterre.lasalle.es\/wp-content\/uploads\/2017\/06\/IMG_4041.jpg\" alt=\"\" srcset=\"https:\/\/finisterre.lasalle.es\/wp-content\/uploads\/2017\/06\/IMG_4041.jpg 3264w, https:\/\/finisterre.lasalle.es\/wp-content\/uploads\/2017\/06\/IMG_4041-300x225.jpg 300w, https:\/\/finisterre.lasalle.es\/wp-content\/uploads\/2017\/06\/IMG_4041-768x576.jpg 768w, https:\/\/finisterre.lasalle.es\/wp-content\/uploads\/2017\/06\/IMG_4041-1024x768.jpg 1024w\" sizes=\"auto, (max-width: 150px) 100vw, 150px\" \/><\/td><td>5. <a href=\"http:\/\/finisterre.lasalle.es\/?page_id=128\" target=\"_blank\" rel=\"noreferrer noopener\">Hospital de San Pablo y San L\u00e1zaro (Mondo\u00f1edo)<\/a><\/td><td>&nbsp;Hogar para personas con discapacidad f\u00edsica e intelectual. Compartir la tarea de cuidado de cada d\u00eda con la comunidad. <\/td><\/tr><tr><td><img loading=\"lazy\" decoding=\"async\" width=\"150\" height=\"113\" class=\"wp-image-1273\" style=\"width: 150px;\" src=\"http:\/\/finisterre.lasalle.es\/wp-content\/uploads\/2023\/05\/caritas-casa-de-acollida_img192610t0.jpg\" alt=\"\" srcset=\"https:\/\/finisterre.lasalle.es\/wp-content\/uploads\/2023\/05\/caritas-casa-de-acollida_img192610t0.jpg 1024w, https:\/\/finisterre.lasalle.es\/wp-content\/uploads\/2023\/05\/caritas-casa-de-acollida_img192610t0-300x225.jpg 300w, https:\/\/finisterre.lasalle.es\/wp-content\/uploads\/2023\/05\/caritas-casa-de-acollida_img192610t0-768x576.jpg 768w\" sizes=\"auto, (max-width: 150px) 100vw, 150px\" \/><\/td><td>6. <a href=\"https:\/\/finisterre.lasalle.es\/?page_id=1268&amp;preview_id=1268\" target=\"_blank\" rel=\"noreferrer noopener\">Casa de Acogida C\u00e1ritas &#8211; San Cibr\u00e1n. Vilagarc\u00eda de Arousa<\/a><\/td><td>Colaborar con la labor asistencial de C\u00e1ritas en Vilagarc\u00eda.<br>Residencia en casa de acogida con personas sin hogar.<\/td><\/tr><tr><td><a href=\"https:\/\/finisterre.lasalle.es\/?page_id=450\" target=\"_blank\" rel=\"noreferrer noopener\"><img loading=\"lazy\" decoding=\"async\" width=\"150\" height=\"200\" class=\"wp-image-453\" style=\"width: 150px;\" src=\"http:\/\/finisterre.lasalle.es\/wp-content\/uploads\/2018\/05\/testimonios_3.jpg\" alt=\"\" srcset=\"https:\/\/finisterre.lasalle.es\/wp-content\/uploads\/2018\/05\/testimonios_3.jpg 300w, https:\/\/finisterre.lasalle.es\/wp-content\/uploads\/2018\/05\/testimonios_3-225x300.jpg 225w\" sizes=\"auto, (max-width: 150px) 100vw, 150px\" \/><\/a><\/td><td>7. <a href=\"https:\/\/finisterre.lasalle.es\/?page_id=450\" target=\"_blank\" rel=\"noreferrer noopener\">Albergue Xo\u00e1n XXIII<\/a>. Santiago de Compostela<\/td><td>Colaboraci\u00f3n con el albergue en la atenci\u00f3n a los transe\u00fantes.<\/td><\/tr><tr><td><img loading=\"lazy\" decoding=\"async\" width=\"150\" height=\"84\" class=\"wp-image-1323\" style=\"width: 150px;\" src=\"http:\/\/finisterre.lasalle.es\/wp-content\/uploads\/2024\/05\/13-arteixo-1920-1080-1024x576-1.jpg\" alt=\"\" srcset=\"https:\/\/finisterre.lasalle.es\/wp-content\/uploads\/2024\/05\/13-arteixo-1920-1080-1024x576-1.jpg 1024w, https:\/\/finisterre.lasalle.es\/wp-content\/uploads\/2024\/05\/13-arteixo-1920-1080-1024x576-1-300x169.jpg 300w, https:\/\/finisterre.lasalle.es\/wp-content\/uploads\/2024\/05\/13-arteixo-1920-1080-1024x576-1-768x432.jpg 768w\" sizes=\"auto, (max-width: 150px) 100vw, 150px\" \/><\/td><td>8. <a href=\"https:\/\/finisterre.lasalle.es\/?page_id=1358\" data-type=\"link\" data-id=\"https:\/\/finisterre.lasalle.es\/?page_id=1358\" target=\"_blank\" rel=\"noreferrer noopener\">Centro Fogar Mar\u00eda Inmaculada. Ba\u00f1obre. Mi\u00f1o. A Coru\u00f1a<\/a><\/td><td>Trabajo con menores en una casa hogar<\/td><\/tr><tr><td><img loading=\"lazy\" decoding=\"async\" width=\"150\" height=\"84\" class=\"wp-image-1338\" style=\"width: 150px;\" src=\"http:\/\/finisterre.lasalle.es\/wp-content\/uploads\/2024\/05\/SE21C12F2_171732.webp\" alt=\"\" srcset=\"https:\/\/finisterre.lasalle.es\/wp-content\/uploads\/2024\/05\/SE21C12F2_171732.webp 768w, https:\/\/finisterre.lasalle.es\/wp-content\/uploads\/2024\/05\/SE21C12F2_171732-300x168.webp 300w\" sizes=\"auto, (max-width: 150px) 100vw, 150px\" \/><\/td><td><a href=\"https:\/\/finisterre.lasalle.es\/?page_id=1335\">9. Residencia de Ancianos Desamparados San Marcos<\/a><\/td><td>Colaborar en hacerles la vida m\u00e1s alegre a las personas residentes<\/td><\/tr><tr><td><\/td><td><\/td><td><\/td><\/tr><\/tbody><\/table><\/figure>\n\n\n\n<h5 class=\"wp-block-heading has-text-align-center has-vivid-green-cyan-background-color has-background\"><span style=\"color: #ffffff;\"><span style=\"color: #ffffff;\"><a href=\"https:\/\/forms.gle\/FnXn4cSJFup2NsZE6\" data-type=\"URL\" data-id=\"https:\/\/docs.google.com\/forms\/d\/e\/1FAIpQLSedrfkSXB-mHZRA1wjN-IgTfgNgGstJPpbDknwRomQv6vMakQ\/viewform\" target=\"_blank\" rel=\"noreferrer noopener\">Haz clic aqu\u00ed para elegir tu experiencia<\/a><\/span><\/span><\/h5>\n\n\n\n<p><\/p>\n","protected":false},"excerpt":{"rendered":"<p>Experiencias que vivir\u00e1s en el encuentro&nbsp;Finisterre&nbsp;entre el 26 y 30 de julio. Haciendo clic en la imagen de cada una puedes encontrar informaci\u00f3n m\u00e1s completa. Tienes de plazo para apuntarte hasta el 9 de junio &nbsp; 1. Hogar BoaNoite&nbsp; &nbsp;(A Coru\u00f1a) Convivencia familiar con personas sin techo y colectivos en riesgo. 2. Evangelizaci\u00f3n en el &hellip; <\/p>\n<p class=\"link-more\"><a href=\"https:\/\/finisterre.lasalle.es\/?page_id=1354\" class=\"more-link\">Continuar leyendo<span class=\"screen-reader-text\"> \u00abExperiencias 2025\u00bb<\/span><\/a><\/p>\n","protected":false},"author":7,"featured_media":1124,"parent":0,"menu_order":0,"comment_status":"closed","ping_status":"closed","template":"","meta":{"footnotes":""},"class_list":["post-1354","page","type-page","status-publish","has-post-thumbnail","hentry"],"_links":{"self":[{"href":"https:\/\/finisterre.lasalle.es\/index.php?rest_route=\/wp\/v2\/pages\/1354","targetHints":{"allow":["GET"]}}],"collection":[{"href":"https:\/\/finisterre.lasalle.es\/index.php?rest_route=\/wp\/v2\/pages"}],"about":[{"href":"https:\/\/finisterre.lasalle.es\/index.php?rest_route=\/wp\/v2\/types\/page"}],"author":[{"embeddable":true,"href":"https:\/\/finisterre.lasalle.es\/index.php?rest_route=\/wp\/v2\/users\/7"}],"replies":[{"embeddable":true,"href":"https:\/\/finisterre.lasalle.es\/index.php?rest_route=%2Fwp%2Fv2%2Fcomments&post=1354"}],"version-history":[{"count":3,"href":"https:\/\/finisterre.lasalle.es\/index.php?rest_route=\/wp\/v2\/pages\/1354\/revisions"}],"predecessor-version":[{"id":1377,"href":"https:\/\/finisterre.lasalle.es\/index.php?rest_route=\/wp\/v2\/pages\/1354\/revisions\/1377"}],"wp:featuredmedia":[{"embeddable":true,"href":"https:\/\/finisterre.lasalle.es\/index.php?rest_route=\/wp\/v2\/media\/1124"}],"wp:attachment":[{"href":"https:\/\/finisterre.lasalle.es\/index.php?rest_route=%2Fwp%2Fv2%2Fmedia&parent=1354"}],"curies":[{"name":"wp","href":"https:\/\/api.w.org\/{rel}","templated":true}]}}