{"id":246,"date":"2017-06-26T13:30:40","date_gmt":"2017-06-26T13:30:40","guid":{"rendered":"http:\/\/finisterre.lasalle.es\/?page_id=246"},"modified":"2017-06-26T14:48:27","modified_gmt":"2017-06-26T14:48:27","slug":"himno-del-encuentro","status":"publish","type":"page","link":"https:\/\/finisterre.lasalle.es\/?page_id=246","title":{"rendered":"Himno del encuentro"},"content":{"rendered":"<p>Como es habitual en los encuentros de SalleJoven, <i>Finisterre<\/i>\u00a0tiene tambi\u00e9n un himno propio, en este caso, <i>Donde el coraz\u00f3n, <\/i>de <a href=\"http:\/\/www.alvarofraile.com\/\">\u00c1lvaro Fraile<\/a>, que puedes escuchar aqu\u00ed y descargar la <a href=\"http:\/\/finisterre.lasalle.es\/wp-content\/uploads\/2017\/06\/Himno-Donde-el-coraz\u00f3n-Finisterre-2Bach.pdf\">letra<\/a> y <a href=\"http:\/\/acordes.lacuerda.net\/alvaro_fraile\/donde_el_corazon.shtml\">acordes<\/a>.<\/p>\n<h5>Con letra<\/h5>\n<p><iframe loading=\"lazy\" src=\"https:\/\/www.youtube.com\/embed\/ZRkU7sJ5GC4\" width=\"560\" height=\"315\" frameborder=\"0\" allowfullscreen=\"allowfullscreen\"><\/iframe><br \/>\n<!--more--><\/p>\n<h5>Videoclip<\/h5>\n<p><iframe loading=\"lazy\" src=\"https:\/\/www.youtube.com\/embed\/Ab6-EfEpx0Y\" width=\"560\" height=\"315\" frameborder=\"0\" allowfullscreen=\"allowfullscreen\"><\/iframe><\/p>\n","protected":false},"excerpt":{"rendered":"<p>Como es habitual en los encuentros de SalleJoven, Finisterre\u00a0tiene tambi\u00e9n un himno propio, en este caso, Donde el coraz\u00f3n, de \u00c1lvaro Fraile, que puedes escuchar aqu\u00ed y descargar la letra y acordes. Con letra<\/p>\n","protected":false},"author":2,"featured_media":97,"parent":0,"menu_order":0,"comment_status":"closed","ping_status":"closed","template":"","meta":{"footnotes":""},"class_list":["post-246","page","type-page","status-publish","has-post-thumbnail","hentry"],"_links":{"self":[{"href":"https:\/\/finisterre.lasalle.es\/index.php?rest_route=\/wp\/v2\/pages\/246","targetHints":{"allow":["GET"]}}],"collection":[{"href":"https:\/\/finisterre.lasalle.es\/index.php?rest_route=\/wp\/v2\/pages"}],"about":[{"href":"https:\/\/finisterre.lasalle.es\/index.php?rest_route=\/wp\/v2\/types\/page"}],"author":[{"embeddable":true,"href":"https:\/\/finisterre.lasalle.es\/index.php?rest_route=\/wp\/v2\/users\/2"}],"replies":[{"embeddable":true,"href":"https:\/\/finisterre.lasalle.es\/index.php?rest_route=%2Fwp%2Fv2%2Fcomments&post=246"}],"version-history":[{"count":5,"href":"https:\/\/finisterre.lasalle.es\/index.php?rest_route=\/wp\/v2\/pages\/246\/revisions"}],"predecessor-version":[{"id":254,"href":"https:\/\/finisterre.lasalle.es\/index.php?rest_route=\/wp\/v2\/pages\/246\/revisions\/254"}],"wp:featuredmedia":[{"embeddable":true,"href":"https:\/\/finisterre.lasalle.es\/index.php?rest_route=\/wp\/v2\/media\/97"}],"wp:attachment":[{"href":"https:\/\/finisterre.lasalle.es\/index.php?rest_route=%2Fwp%2Fv2%2Fmedia&parent=246"}],"curies":[{"name":"wp","href":"https:\/\/api.w.org\/{rel}","templated":true}]}}