{"id":450,"date":"2018-05-13T22:05:20","date_gmt":"2018-05-13T22:05:20","guid":{"rendered":"http:\/\/finisterre.lasalle.es\/?page_id=450"},"modified":"2024-05-16T22:12:04","modified_gmt":"2024-05-16T22:12:04","slug":"albergue-juan-xiii","status":"publish","type":"page","link":"https:\/\/finisterre.lasalle.es\/?page_id=450","title":{"rendered":"Albergue Juan XIII (Santiago)"},"content":{"rendered":"<p><iframe loading=\"lazy\" src=\"https:\/\/www.youtube.com\/embed\/4hTyTIFrxNM?rel=0&amp;controls=0&amp;showinfo=0\" width=\"560\" height=\"315\" frameborder=\"0\" allowfullscreen=\"allowfullscreen\"><\/iframe><\/p>\n<table>\n<tbody>\n<tr>\n<td>Nombre:<\/td>\n<td><strong>Albergue Juan XXIII<\/strong><\/td>\n<\/tr>\n<tr>\n<td>Lugar:<\/td>\n<td>Santiago de Compostela.<\/td>\n<\/tr>\n<tr>\n<td>Objetivo:<\/td>\n<td>\n<p><i>Atenci\u00f3n a personas sin hogar en el albergue (desayunos, almuerzo, meriendas y cenas).\u00a0<\/i>Colaboraci\u00f3n en los preparativos de la noche, distribuci\u00f3n del uso de salas, servicios y duchas. Trabajo en el ropero.<\/p>\n<p>Preparaci\u00f3n de alguna din\u00e1mica o velada.<\/p>\n<p>Apoyo puntual tambi\u00e9n en el albergue de peregrinos del Camino de Santiago.<\/p>\n<p>Preparar las comidas en el grupo.<\/td>\n<\/tr>\n<tr>\n<td>Organizan:<\/td>\n<td>Franciscanos OFM Santiago.Centro Social-cultural Juan XXIII.<\/td>\n<\/tr>\n<tr>\n<td>Pueden participar:<\/td>\n<td><strong>7-8 chicos\/as + 1-2 animadores<\/strong><\/td>\n<\/tr>\n<tr>\n<td>M\u00e1s informaci\u00f3n:<\/td>\n<td><a href=\"http:\/\/www.alberguesanfrancisco.org\/\">http:\/\/www.alberguesanfrancisco.org\/<\/a><\/td>\n<\/tr>\n<\/tbody>\n<\/table>\n<h4>Galer\u00eda de im\u00e1genes<\/h4>\n<div id='gallery-1' class='gallery galleryid-450 gallery-columns-3 gallery-size-thumbnail'><figure class='gallery-item'>\n\t\t\t<div class='gallery-icon portrait'>\n\t\t\t\t<a href='https:\/\/finisterre.lasalle.es\/wp-content\/uploads\/2018\/05\/albergue_1.jpg'><img loading=\"lazy\" decoding=\"async\" width=\"150\" height=\"150\" src=\"https:\/\/finisterre.lasalle.es\/wp-content\/uploads\/2018\/05\/albergue_1-150x150.jpg\" class=\"attachment-thumbnail size-thumbnail\" alt=\"\" srcset=\"https:\/\/finisterre.lasalle.es\/wp-content\/uploads\/2018\/05\/albergue_1-150x150.jpg 150w, https:\/\/finisterre.lasalle.es\/wp-content\/uploads\/2018\/05\/albergue_1-100x100.jpg 100w\" sizes=\"auto, 100vw\" \/><\/a>\n\t\t\t<\/div><\/figure><figure class='gallery-item'>\n\t\t\t<div class='gallery-icon portrait'>\n\t\t\t\t<a href='https:\/\/finisterre.lasalle.es\/wp-content\/uploads\/2018\/05\/testimonios_3.jpg'><img loading=\"lazy\" decoding=\"async\" width=\"150\" height=\"150\" src=\"https:\/\/finisterre.lasalle.es\/wp-content\/uploads\/2018\/05\/testimonios_3-150x150.jpg\" class=\"attachment-thumbnail size-thumbnail\" alt=\"\" srcset=\"https:\/\/finisterre.lasalle.es\/wp-content\/uploads\/2018\/05\/testimonios_3-150x150.jpg 150w, https:\/\/finisterre.lasalle.es\/wp-content\/uploads\/2018\/05\/testimonios_3-100x100.jpg 100w\" sizes=\"auto, 100vw\" \/><\/a>\n\t\t\t<\/div><\/figure><figure class='gallery-item'>\n\t\t\t<div class='gallery-icon landscape'>\n\t\t\t\t<a href='https:\/\/finisterre.lasalle.es\/wp-content\/uploads\/2018\/05\/pista_polideportiva.jpg'><img loading=\"lazy\" decoding=\"async\" width=\"150\" height=\"150\" src=\"https:\/\/finisterre.lasalle.es\/wp-content\/uploads\/2018\/05\/pista_polideportiva-150x150.jpg\" class=\"attachment-thumbnail size-thumbnail\" alt=\"\" srcset=\"https:\/\/finisterre.lasalle.es\/wp-content\/uploads\/2018\/05\/pista_polideportiva-150x150.jpg 150w, https:\/\/finisterre.lasalle.es\/wp-content\/uploads\/2018\/05\/pista_polideportiva-100x100.jpg 100w\" sizes=\"auto, 100vw\" \/><\/a>\n\t\t\t<\/div><\/figure>\n\t\t<\/div>\n\n<h4>Localizaci\u00f3n<\/h4>\n<p><iframe loading=\"lazy\" style=\"border: 0;\" src=\"https:\/\/www.google.com\/maps\/embed?pb=!1m17!1m11!1m3!1d3285.3387282712206!2d-8.543816703470508!3d42.886096657334186!2m2!1f0!2f0!3m2!1i1024!2i768!4f13.1!3m3!1m2!1s0xd2efe43568e6ee3%3A0x607a4086270c769c!2sR%C3%BAa+dos+Casti%C3%B1eiros%2C+15704+Santiago+de+Compostela%2C+A+Coru%C3%B1a!5e1!3m2!1ses!2ses!4v1526249031931\" width=\"600\" height=\"450\" frameborder=\"0\" allowfullscreen=\"allowfullscreen\"><\/iframe><\/p>\n","protected":false},"excerpt":{"rendered":"<p>Nombre: Albergue Juan XXIII Lugar: Santiago de Compostela. Objetivo: Atenci\u00f3n a personas sin hogar en el albergue (desayunos, almuerzo, meriendas y cenas).\u00a0Colaboraci\u00f3n en los preparativos de la noche, distribuci\u00f3n del uso de salas, servicios y duchas. Trabajo en el ropero. Preparaci\u00f3n de alguna din\u00e1mica o velada. Apoyo puntual tambi\u00e9n en el albergue de peregrinos del &hellip; <\/p>\n<p class=\"link-more\"><a href=\"https:\/\/finisterre.lasalle.es\/?page_id=450\" class=\"more-link\">Continuar leyendo<span class=\"screen-reader-text\"> \u00abAlbergue Juan XIII (Santiago)\u00bb<\/span><\/a><\/p>\n","protected":false},"author":3,"featured_media":0,"parent":0,"menu_order":0,"comment_status":"closed","ping_status":"closed","template":"","meta":{"footnotes":""},"class_list":["post-450","page","type-page","status-publish","hentry"],"_links":{"self":[{"href":"https:\/\/finisterre.lasalle.es\/index.php?rest_route=\/wp\/v2\/pages\/450","targetHints":{"allow":["GET"]}}],"collection":[{"href":"https:\/\/finisterre.lasalle.es\/index.php?rest_route=\/wp\/v2\/pages"}],"about":[{"href":"https:\/\/finisterre.lasalle.es\/index.php?rest_route=\/wp\/v2\/types\/page"}],"author":[{"embeddable":true,"href":"https:\/\/finisterre.lasalle.es\/index.php?rest_route=\/wp\/v2\/users\/3"}],"replies":[{"embeddable":true,"href":"https:\/\/finisterre.lasalle.es\/index.php?rest_route=%2Fwp%2Fv2%2Fcomments&post=450"}],"version-history":[{"count":10,"href":"https:\/\/finisterre.lasalle.es\/index.php?rest_route=\/wp\/v2\/pages\/450\/revisions"}],"predecessor-version":[{"id":1347,"href":"https:\/\/finisterre.lasalle.es\/index.php?rest_route=\/wp\/v2\/pages\/450\/revisions\/1347"}],"wp:attachment":[{"href":"https:\/\/finisterre.lasalle.es\/index.php?rest_route=%2Fwp%2Fv2%2Fmedia&parent=450"}],"curies":[{"name":"wp","href":"https:\/\/api.w.org\/{rel}","templated":true}]}}