{"id":72,"date":"2017-06-25T21:18:01","date_gmt":"2017-06-25T21:18:01","guid":{"rendered":"http:\/\/finisterre.lasalle.es\/?page_id=72"},"modified":"2019-05-11T20:51:11","modified_gmt":"2019-05-11T20:51:11","slug":"mas-informacion-sobre-finisterre","status":"publish","type":"page","link":"https:\/\/finisterre.lasalle.es\/?page_id=72","title":{"rendered":"M\u00e1s informaci\u00f3n sobre Finisterre"},"content":{"rendered":"<p><img loading=\"lazy\" decoding=\"async\" class=\"aligncenter wp-image-38 size-full\" src=\"http:\/\/finisterre.lasalle.es\/wp-content\/uploads\/2017\/04\/cropped-Finisterre_cabecera-2-1.png\" alt=\"\" width=\"2000\" height=\"1201\" srcset=\"https:\/\/finisterre.lasalle.es\/wp-content\/uploads\/2017\/04\/cropped-Finisterre_cabecera-2-1.png 2000w, https:\/\/finisterre.lasalle.es\/wp-content\/uploads\/2017\/04\/cropped-Finisterre_cabecera-2-1-300x180.png 300w, https:\/\/finisterre.lasalle.es\/wp-content\/uploads\/2017\/04\/cropped-Finisterre_cabecera-2-1-768x461.png 768w, https:\/\/finisterre.lasalle.es\/wp-content\/uploads\/2017\/04\/cropped-Finisterre_cabecera-2-1-1024x615.png 1024w\" sizes=\"auto, (max-width: 767px) 89vw, (max-width: 1000px) 54vw, (max-width: 1071px) 543px, 580px\" \/><\/p>\n<p>Despu\u00e9s de Bujedo, de la Pascua, de Roma, de muchas idas y venidas, \u00bfqu\u00e9 tal ir al \u201cfin del mundo\u201d? \u00a0<em><strong>Finisterre<\/strong><\/em> es una nueva oportunidad para descubrir, construir, re\u00edr, so\u00f1ar, convivir, celebrar, profundizar\u2026 \u00bfTe la vas a perder?<\/p>\n<p>Reserva ya del 24 al 31 de julio para ir a Galicia junto a otros compa\u00f1eros\/as de 2\u00ba de Bachillerato de Cantabria, Asturias, Galicia, Castilla y Le\u00f3n y Portugal.<\/p>\n<p>Descarga aqu\u00ed el <a href=\"http:\/\/finisterre.lasalle.es\/wp-content\/uploads\/2019\/05\/Finisterre-2019-espan\u0303ol.pdf\">folleto 2019 con toda la informaci\u00f3n para apuntarte en castellano <\/a><\/p>\n<p><a href=\"http:\/\/finisterre.lasalle.es\/wp-content\/uploads\/2019\/05\/Finisterre-2019-portugue\u0301s.pdf\" target=\"_blank\" rel=\"noopener noreferrer\">O, si prefieres, folleto 2019 en portugu\u00e9s<\/a><\/p>\n<h4>\u00bfEl fin del mundo?<\/h4>\n<p>Te encuentras en un momento de cambio, de decisi\u00f3n, de salida. Como los antiguos marineros que, al acercarse al cabo Finisterre, pensaban que se acababa el mundo\u2026 pero\u2026<br \/>\nQueda mucho por vivir junto a tu grupo y tus compa\u00f1eros\/as, en un entorno diferente, con una din\u00e1mica muy distinta a la conocida y, al mismo tiempo, con lo mejor de SalleJoven: vuestro protagonismo.<\/p>\n<h4>\u00bfDe qu\u00e9 va esto?<\/h4>\n<p>Siguiendo las huellas de los antiguos, nos acercaremos a Santiago de Compostela justo en la fiesta del Ap\u00f3stol.<br \/>\nPero nuestro \u201cCamino\u201d no ser\u00e1 a Santiago. Nos asomaremos al fin del mundo para inmediatamente dispersarnos en diferentes lugares de Galicia.<br \/>\nAll\u00ed conoceremos y colaboraremos en la actividad voluntaria de varias organizaciones y comunidades. Podr\u00e1s elegir en qu\u00e9 realidad te gustar\u00eda trabajar.<br \/>\nRecogeremos velas todos juntos de nuevo en Santiago\u2026 para emprender un nuevo camino.<\/p>\n<h4>\u00bfY en concreto?<\/h4>\n<ul>\n<li>El encuentro empieza el d\u00eda 24 de julio por la tarde y termina el 31 de julio despu\u00e9s del desayuno.<\/li>\n<li>Rellena la <a href=\"http:\/\/finisterre.lasalle.es\/wp-content\/uploads\/2018\/01\/FICHA-FINISTERRE-2\u00ba-BACH-2018.docx\">hoja de inscripci\u00f3n<\/a>\u00a0y entr\u00e9gala a tu animador\/a lo antes posible. Si necesitas alguna dieta especial, <a href=\"http:\/\/finisterre.lasalle.es\/?attachment_id=78\">no te olvides de indicarlo<\/a>.<\/li>\n<li>Una vez inscrito\/a, se propondr\u00e1n las diferentes <a href=\"http:\/\/finisterre.lasalle.es\/?page_id=41\">experiencias de servicio<\/a> para que te apuntes a la que prefieras. Estaremos en esas realidades del 26 al 30 de julio.<\/li>\n<li>Para movernos con agilidad y trasladarnos en las realidades que nos acoger\u00e1n, trae mochila, saco y esterilla.<\/li>\n<li>Esta web nos servir\u00e1 de enlace entre todas las experiencias, el antes y el despu\u00e9s.<\/li>\n<li>El precio del encuentro es de 195 \u20ac, que incluye acogida y actividades. El viaje a Santiago depende de cada grupo.<\/li>\n<li>La fecha l\u00edmite para inscribirte es el 5 de abril.<\/li>\n<\/ul>\n<h2 style=\"text-align: center;\">\u00a1No te lo puedes perder!<\/h2>\n","protected":false},"excerpt":{"rendered":"<p>Despu\u00e9s de Bujedo, de la Pascua, de Roma, de muchas idas y venidas, \u00bfqu\u00e9 tal ir al \u201cfin del mundo\u201d? \u00a0Finisterre es una nueva oportunidad para descubrir, construir, re\u00edr, so\u00f1ar, convivir, celebrar, profundizar\u2026 \u00bfTe la vas a perder? Reserva ya del 24 al 31 de julio para ir a Galicia junto a otros compa\u00f1eros\/as de &hellip; <\/p>\n<p class=\"link-more\"><a href=\"https:\/\/finisterre.lasalle.es\/?page_id=72\" class=\"more-link\">Continuar leyendo<span class=\"screen-reader-text\"> \u00abM\u00e1s informaci\u00f3n sobre Finisterre\u00bb<\/span><\/a><\/p>\n","protected":false},"author":2,"featured_media":0,"parent":9,"menu_order":0,"comment_status":"closed","ping_status":"closed","template":"","meta":{"footnotes":""},"class_list":["post-72","page","type-page","status-publish","hentry"],"_links":{"self":[{"href":"https:\/\/finisterre.lasalle.es\/index.php?rest_route=\/wp\/v2\/pages\/72","targetHints":{"allow":["GET"]}}],"collection":[{"href":"https:\/\/finisterre.lasalle.es\/index.php?rest_route=\/wp\/v2\/pages"}],"about":[{"href":"https:\/\/finisterre.lasalle.es\/index.php?rest_route=\/wp\/v2\/types\/page"}],"author":[{"embeddable":true,"href":"https:\/\/finisterre.lasalle.es\/index.php?rest_route=\/wp\/v2\/users\/2"}],"replies":[{"embeddable":true,"href":"https:\/\/finisterre.lasalle.es\/index.php?rest_route=%2Fwp%2Fv2%2Fcomments&post=72"}],"version-history":[{"count":6,"href":"https:\/\/finisterre.lasalle.es\/index.php?rest_route=\/wp\/v2\/pages\/72\/revisions"}],"predecessor-version":[{"id":782,"href":"https:\/\/finisterre.lasalle.es\/index.php?rest_route=\/wp\/v2\/pages\/72\/revisions\/782"}],"up":[{"embeddable":true,"href":"https:\/\/finisterre.lasalle.es\/index.php?rest_route=\/wp\/v2\/pages\/9"}],"wp:attachment":[{"href":"https:\/\/finisterre.lasalle.es\/index.php?rest_route=%2Fwp%2Fv2%2Fmedia&parent=72"}],"curies":[{"name":"wp","href":"https:\/\/api.w.org\/{rel}","templated":true}]}}

Más información sobre Finisterre

<p><img loading="lazy" decoding="async" class="aligncenter wp-image-38 size-full" src="http://finisterre.lasalle.es/wp-content/uploads/2017/04/cropped-Finisterre_cabecera-2-1.png" alt="" width="2000" height="1201" srcset="https://finisterre.lasalle.es/wp-content/uploads/2017/04/cropped-Finisterre_cabecera-2-1.png 2000w, https://finisterre.lasalle.es/wp-content/uploads/2017/04/cropped-Finisterre_cabecera-2-1-300x180.png 300w, https://finisterre.lasalle.es/wp-content/uploads/2017/04/cropped-Finisterre_cabecera-2-1-768x461.png 768w, https://finisterre.lasalle.es/wp-content/uploads/2017/04/cropped-Finisterre_cabecera-2-1-1024x615.png 1024w" sizes="auto, (max-width: 767px) 89vw, (max-width: 1000px) 54vw, (max-width: 1071px) 543px, 580px" /></p>
<p>Después de Bujedo, de la Pascua, de Roma, de muchas idas y venidas, ¿qué tal ir al “fin del mundo”?  <em><strong>Finisterre</strong></em> es una nueva oportunidad para descubrir, construir, reír, soñar, convivir, celebrar, profundizar… ¿Te la vas a perder?</p>
<p>Reserva ya del 24 al 31 de julio para ir a Galicia junto a otros compañeros/as de 2º de Bachillerato de Cantabria, Asturias, Galicia, Castilla y León y Portugal.</p>
<p>Descarga aquí el <a href="http://finisterre.lasalle.es/wp-content/uploads/2019/05/Finisterre-2019-español.pdf">folleto 2019 con toda la información para apuntarte en castellano </a></p>
<p><a href="http://finisterre.lasalle.es/wp-content/uploads/2019/05/Finisterre-2019-portugués.pdf" target="_blank" rel="noopener noreferrer">O, si prefieres, folleto 2019 en portugués</a></p>
<h4>¿El fin del mundo?</h4>
<p>Te encuentras en un momento de cambio, de decisión, de salida. Como los antiguos marineros que, al acercarse al cabo Finisterre, pensaban que se acababa el mundo… pero…<br />
Queda mucho por vivir junto a tu grupo y tus compañeros/as, en un entorno diferente, con una dinámica muy distinta a la conocida y, al mismo tiempo, con lo mejor de SalleJoven: vuestro protagonismo.</p>
<h4>¿De qué va esto?</h4>
<p>Siguiendo las huellas de los antiguos, nos acercaremos a Santiago de Compostela justo en la fiesta del Apóstol.<br />
Pero nuestro “Camino” no será a Santiago. Nos asomaremos al fin del mundo para inmediatamente dispersarnos en diferentes lugares de Galicia.<br />
Allí conoceremos y colaboraremos en la actividad voluntaria de varias organizaciones y comunidades. Podrás elegir en qué realidad te gustaría trabajar.<br />
Recogeremos velas todos juntos de nuevo en Santiago… para emprender un nuevo camino.</p>
<h4>¿Y en concreto?</h4>
<ul>
<li>El encuentro empieza el día 24 de julio por la tarde y termina el 31 de julio después del desayuno.</li>
<li>Rellena la <a href="http://finisterre.lasalle.es/wp-content/uploads/2018/01/FICHA-FINISTERRE-2º-BACH-2018.docx">hoja de inscripción</a> y entrégala a tu animador/a lo antes posible. Si necesitas alguna dieta especial, <a href="http://finisterre.lasalle.es/?attachment_id=78">no te olvides de indicarlo</a>.</li>
<li>Una vez inscrito/a, se propondrán las diferentes <a href="http://finisterre.lasalle.es/?page_id=41">experiencias de servicio</a> para que te apuntes a la que prefieras. Estaremos en esas realidades del 26 al 30 de julio.</li>
<li>Para movernos con agilidad y trasladarnos en las realidades que nos acogerán, trae mochila, saco y esterilla.</li>
<li>Esta web nos servirá de enlace entre todas las experiencias, el antes y el después.</li>
<li>El precio del encuentro es de 195 €, que incluye acogida y actividades. El viaje a Santiago depende de cada grupo.</li>
<li>La fecha límite para inscribirte es el 5 de abril.</li>
</ul>
<h2 style="text-align: center;">¡No te lo puedes perder!</h2>

<p>Después de Bujedo, de la Pascua, de Roma, de muchas idas y venidas, ¿qué tal ir al “fin del mundo”?  Finisterre es una nueva oportunidad para descubrir, construir, reír, soñar, convivir, celebrar, profundizar… ¿Te la vas a perder? Reserva ya del 24 al 31 de julio para ir a Galicia junto a otros compañeros/as de &hellip; </p>
<p class="link-more"><a href="https://finisterre.lasalle.es/?page_id=72" class="more-link">Continuar leyendo<span class="screen-reader-text"> «Más información sobre Finisterre»</span></a></p>
