{"id":94,"date":"2017-06-25T21:41:05","date_gmt":"2017-06-25T21:41:05","guid":{"rendered":"http:\/\/finisterre.lasalle.es\/?page_id=94"},"modified":"2024-05-01T17:23:29","modified_gmt":"2024-05-01T17:23:29","slug":"colaboran-con-nosotros","status":"publish","type":"page","link":"https:\/\/finisterre.lasalle.es\/?page_id=94","title":{"rendered":"Colaboran con nosotros"},"content":{"rendered":"<p><em>Finisterre<\/em> no es solo de SalleJoven. En la edici\u00f3n 2023 colaboran con nosotros:<\/p>\n<ul>\n<li>Comunidade La Salle &#8211; Santiago.<\/li>\n<li>Colexio La Salle &#8211; Santiago.<\/li>\n<li>Colexio La Salle &#8211; Ferrol.<\/li>\n<li>Misioneras Esclavas del Inmaculado Coraz\u00f3n de Mar\u00eda (A Coru\u00f1a)<\/li>\n<li>Franciscanos (A Coru\u00f1a).<\/li>\n<li>Asociaci\u00f3n \u00abA Ra\u00ed\u00f1a\u00bb (Curtis).<\/li>\n<li>Hijas de Santa Mar\u00eda de la Providencia &#8211; Guanelianas (Arz\u00faa).<\/li>\n<li>COGAMI (Ferrol).<\/li>\n<li>Hermanas Oblatas del Sant\u00edsimo Redentor (Ferrol).<\/li>\n<li>Siervas de Jes\u00fas (Ferrol).<\/li>\n<li>Comunidad Hijas de la Caridad &#8211; Hospital San Pedro y San Pablo Mondo\u00f1edo.<\/li>\n<li>Centro Xo\u00e1n XXIII &#8211; Franciscanos. Santiago de Compostela<\/li>\n<li>C\u00e1ritas Vilagarc\u00eda de Arousa.<\/li>\n<li>Equipo de animadores de Pastoral La Salle.<\/li>\n<li>Hermanitas de los Ancianos Desamparados<\/li>\n<li>Aminonianos (Arteixo)<\/li>\n<\/ul>\n","protected":false},"excerpt":{"rendered":"<p>Finisterre no es solo de SalleJoven. En la edici\u00f3n 2023 colaboran con nosotros: Comunidade La Salle &#8211; Santiago. Colexio La Salle &#8211; Santiago. Colexio La Salle &#8211; Ferrol. Misioneras Esclavas del Inmaculado Coraz\u00f3n de Mar\u00eda (A Coru\u00f1a) Franciscanos (A Coru\u00f1a). Asociaci\u00f3n \u00abA Ra\u00ed\u00f1a\u00bb (Curtis). Hijas de Santa Mar\u00eda de la Providencia &#8211; Guanelianas (Arz\u00faa). COGAMI &hellip; <\/p>\n<p class=\"link-more\"><a href=\"https:\/\/finisterre.lasalle.es\/?page_id=94\" class=\"more-link\">Continuar leyendo<span class=\"screen-reader-text\"> \u00abColaboran con nosotros\u00bb<\/span><\/a><\/p>\n","protected":false},"author":2,"featured_media":256,"parent":0,"menu_order":0,"comment_status":"closed","ping_status":"closed","template":"","meta":{"footnotes":""},"class_list":["post-94","page","type-page","status-publish","has-post-thumbnail","hentry"],"_links":{"self":[{"href":"https:\/\/finisterre.lasalle.es\/index.php?rest_route=\/wp\/v2\/pages\/94","targetHints":{"allow":["GET"]}}],"collection":[{"href":"https:\/\/finisterre.lasalle.es\/index.php?rest_route=\/wp\/v2\/pages"}],"about":[{"href":"https:\/\/finisterre.lasalle.es\/index.php?rest_route=\/wp\/v2\/types\/page"}],"author":[{"embeddable":true,"href":"https:\/\/finisterre.lasalle.es\/index.php?rest_route=\/wp\/v2\/users\/2"}],"replies":[{"embeddable":true,"href":"https:\/\/finisterre.lasalle.es\/index.php?rest_route=%2Fwp%2Fv2%2Fcomments&post=94"}],"version-history":[{"count":8,"href":"https:\/\/finisterre.lasalle.es\/index.php?rest_route=\/wp\/v2\/pages\/94\/revisions"}],"predecessor-version":[{"id":1336,"href":"https:\/\/finisterre.lasalle.es\/index.php?rest_route=\/wp\/v2\/pages\/94\/revisions\/1336"}],"wp:featuredmedia":[{"embeddable":true,"href":"https:\/\/finisterre.lasalle.es\/index.php?rest_route=\/wp\/v2\/media\/256"}],"wp:attachment":[{"href":"https:\/\/finisterre.lasalle.es\/index.php?rest_route=%2Fwp%2Fv2%2Fmedia&parent=94"}],"curies":[{"name":"wp","href":"https:\/\/api.w.org\/{rel}","templated":true}]}}